Let z(n) = n**3 + 11*n**2 + 16*n + 26. Suppose -82*h + 3 = -83*h, -2*s = -4*h + 8. Give z(s).
-34
Let n = 6 - 2. Let u(p) = -20*p**2 + 19*p**2 + 5*p - 2698 + 2693. Give u(n).
-1
Let f(h) = 16 + 3*h - 48*h + 12*h + 12*h + 11*h. What is f(-3)?
46
Let p(d) = -d - 292. Let z(h) = 2*h + 366. Let g(u) = -5*p(u) - 4*z(u). Let i be (1 - (-33)/(-12))*4. Give g(i).
17
Let a(l) = 36*l - l**2 - 27*l + 5 - 2*l**3 + 3*l**3 + 0 - 15*l. Let o be a(0). Let r(d) = -7 + d - 1 + 0*d. Determine r(o).
-3
Let a(q) = q**2 + 14*q - 855. Let j be a(23). Let v(i) = i**3 + 6*i**2 + 9*i + 1. Give v(j).
-3
Let q(o) be the third derivative of -o**5/60 - 5*o**4/12 + 4*o**3 - 2*o**2 + 2588. Give q(-9).
33
Let i(a) be the third derivative of -a**5/60 + a**4/4 + 64*a**3/3 - a**2 - 36*a - 13. What is i(15)?
-7
Let v(h) be the first derivative of -h**7/840 + h**6/36 - h**5/120 + h**4/3 - 4*h**3/3 + 65. Let t(r) be the third derivative of v(r). Determine t(10).
-2
Let f(j) be the first derivative of -28*j**2 + 133*j + 5229. What is f(3)?
-35
Suppose 4 = 3*q - 5. Suppose 13 + q = 4*u. Let j(x) be the third derivative of -x**6/120 + x**5/30 + 5*x**4/24 - x**3 - 1541*x**2. Determine j(u).
-18
Let v(o) be the third derivative of o**6/120 + o**5/10 + o**4/24 - 2*o**3/3 + 3*o**2. Suppose -528 = 221*u - 473 + 829. What is v(u)?
24
Let k(r) = -1038*r + r**3 - 36*r**2 - 1059*r + 74 + 2058*r. Calculate k(37).
0
Suppose 40*h = -39*h + 158. Let o(f) = f**3 - 4*f**2 - 3*f - 7. Let j be o(5). Let i(p) = 2 - p**j - 13*p**2 + 4*p**h + 10*p**2. What is i(0)?
2
Let y(o) = -11*o - 11. Let c(i) = i**2 - 60*i + 606. Let b be c(47). Give y(b).
44
Let g = -20428 - -20419. Let i(l) be the third derivative of -l**5/60 - 3*l**4/8 + l**3/6 - l**2. Give i(g).
1
Let m be (-1 - 8)*4/(-6). Let y(d) = -5*d**3 - 30*d**2 + 8*d + 11. Let r(c) = -9*c**3 - 56*c**2 + 15*c + 19. Let p(s) = 6*r(s) - 11*y(s). Calculate p(m).
5
Let m be 796/10 + 56/140. Let i = -1 + 76. Let n(p) = i - 2*p - 154 + m. Determine n(-1).
3
Let q = 69 - 73. Let i be 0/((80/(-5))/q). Let z(s) = 0 - 9*s**2 + 2*s + 1 + i. Give z(-1).
-10
Let m = -13885 + 13891. Let o(n) = -5*n + 26. Calculate o(m).
-4
Let c be 105/(-5) + (32 - 23). Let k(a) = a**3 + 11*a**2 - 8*a - 8. Give k(c).
-56
Let m be -9*((-3)/8 - (-204)/288). Let s be 9 + 8/(-12)*m. Let l(g) = -g**3 + 9*g**2 + 23*g - 9. Calculate l(s).
2
Suppose 18*i - 2*z + 30 = 22*i, i = 2*z. Let d(t) = 29*t - 177. Give d(i).
-3
Let t(z) be the first derivative of -z**4/4 - 5*z**3/3 - 3*z + 13318. Suppose 4*f - 14 = 2*w - 4, 5*f - 20 = 5*w. Give t(w).
-21
Let v(b) = -23*b**2 + 4*b + 53. Let d(s) = 33*s**2 - 6*s - 79. Let a(f) = -7*d(f) - 10*v(f). Give a(6).
-1
Let g = -389 + 397. Suppose 3*p = -6, g*p + 25 = 3*q + 9*p. Let v(a) = 0*a**2 - 11*a + 3 + a**2 + 2*a. Calculate v(q).
3
Let x(a) be the second derivative of -2*a**3/3 + 3*a**2/2 + 9*a - 3. Let z = 16 + -16. Suppose z*m - 12 = 4*m. Determine x(m).
15
Let q(k) = -k**2 - 19*k - 3. Let y be q(-18). Let c(r) = 16*r**2 - 33*r**2 + 8*r + 2 + y*r**2. Let d = -3 - -9. Determine c(d).
-22
Let v(d) = 5*d - 15. Let f be v(8). Let i = -19 + f. Let j(k) = -4*k**3 - 2*k**3 - i*k + k**3 - 3 + 6*k**2 + 6*k**3. Calculate j(-7).
-10
Let x(i) = i**2 + 7*i - 1. Let g(z) = -z**3 - 31*z**2 - 31*z - 27. Let k be g(-30). Suppose 2*f = -f - 2*b - 12, -9 = -k*b. Determine x(f).
-7
Let g = 2567 - 5133/2. Let y(t) be the first derivative of 10 - t + g*t**2. Give y(5).
4
Suppose -r - 4*u + 95 = 0, -5*r - 4*u = -0*u - 475. Let s(p) = -r*p + 108 - 109 + 98*p. Calculate s(1).
2
Let m(p) = -161*p**2 - 17*p - 5. Let y(g) = 456*g**2 + 50*g + 16. Let c(b) = -17*m(b) - 6*y(b). Determine c(-3).
31
Let b(r) be the second derivative of r**3/3 + 5*r**2/2 - 29*r. Let g be 14/(-14) - (-2 + -1). Suppose 3*p - 20 = -g*p, -3*m - 3*p = 6. Determine b(m).
-7
Suppose 4*l + 0*l = 0. Let o be (2 - l) + (-16)/4. Let a(c) be the second derivative of c**3/3 - c**2 - 101895*c + 2. Determine a(o).
-6
Suppose 24294 = 13*f + 24242. Let b(v) = -v**2 + 11*v - 26. Calculate b(f).
2
Let s(t) = 11*t + 83. Let o(h) = -12*h**2 - 160*h - 58. Let q be o(-13). What is s(q)?
17
Let m(i) = -2*i**3 - 16*i**2 + 2*i + 5. Suppose 7*z = -16*z + 13*z - 80. Give m(z).
-11
Let j be (-1)/((-3)/4035*-5). Let b = j + 260. Let s(h) = -h**2 - 7*h. What is s(b)?
-18
Let w(f) = 2*f**2 - f - 7. Let u be w(3). Suppose 2*o + u = 10. Let l(p) = 8*p**3 - p**2 + 1. Calculate l(o).
8
Suppose -5*b - 2*b = 308. Let d = -23 - b. Let g(v) = 50*v - d*v + 4 - 28*v. Determine g(-6).
-2
Let z(r) = -5*r**3 + 7 + 6*r**3 + 10*r + 5*r**2 + r + 7*r**2 + r**3. Calculate z(-5).
2
Let b(x) = 18*x**3 + 2*x**2 + 2*x - 4. Let g(f) = f**3 - 11*f**2 - 69*f + 136. Let y be g(15). What is b(y)?
18
Suppose -894*k = -898*k + 52. Let z(q) = -4*q - 10. Determine z(k).
-62
Let d be (7 - ((-138)/18)/(-1))/((-2)/5). Let z(f) be the first derivative of -d*f**3 + 1 + 5/2*f**2 - 3*f - 1/4*f**4. Calculate z(-6).
3
Let j(u) = u**3 - 3*u**2 - u + 3. Suppose 6*o - 5 = -29. Let g(d) = -6*d - 21. Let i be g(o). Determine j(i).
0
Let o(p) = p**2 + 12*p + 48. Suppose -5*z + 3*h - 58 = 0, -2*z + 3*h = 100 - 75. Determine o(z).
37
Let d(a) = 15*a + 278. Suppose 0 = -k + 4*x - 14, 2*k = -x - 1577 + 1540. Determine d(k).
8
Let f(x) = x**2 + 36*x - 62. Suppose 28*n + 162 + 874 = 0. Calculate f(n).
-25
Let j(l) be the second derivative of -l**4/24 + l**3/3 + 57*l**2/2 - l + 4. Let g(u) be the first derivative of j(u). Determine g(10).
-8
Let l be ((-6)/(-4))/(-2 - 231/(-84)) + 18. Let v(r) be the second derivative of 1/2*r**2 + 0 - l*r - 11/6*r**3. Determine v(-1).
12
Let k(r) = -65*r - 369. Let y(h) = -5*h + 8. Let w(s) = k(s) - 4*y(s). What is w(-9)?
4
Let y = 12 - 9. Let c(w) = w**2 + 13 + 7 - 51 + 29. Give c(y).
7
Let b(u) = 590 + 589 - u + 581 + 601 - 2341. What is b(17)?
3
Let v = -87429 + 87429. Let t(l) be the second derivative of -l**5/20 + l**4/12 + l. Give t(v).
0
Let z(r) = r**3 + 9*r**2 + 15*r + 6. Let b be z(-7). Let n(u) = -u - 2. Let a(p) = 2. Let j(m) = b*n(m) - 6*a(m). Give j(7).
-3
Let w(g) = -g**2 + 5*g. Let k(i) = 2*i**3 - 3*i**2 - 3*i + 8. Suppose -5 = -3*j + r, 8*j = 4*j + 3*r + 5. Let t be k(j). Calculate w(t).
-6
Let b(l) = -l**3 - 5*l**2 - 5*l - 3. Suppose -18*m - 18 = -21*m. Suppose 0 = k + m - 1, -2*a = -3*k - 9. Let f be a/((-24)/(-4))*6. Calculate b(f).
-6
Let n(z) = 28*z**2 - 86*z**2 + 23*z**2 + 58 + 21*z**2 - z**3 - 15*z + 23*z**2. Give n(8).
2
Let i(a) = 5*a + 1. Let g = -1827 - -1826. Determine i(g).
-4
Let x(w) be the second derivative of -17*w**3/2 + 205*w**2 + 2*w + 274. Give x(8).
2
Let v(n) = -n**3 - 3*n**2 - 5*n. Suppose -136 = 304*t + 351 + 121. Give v(t).
6
Let s(l) = -9*l + 10*l - 12 - l**2 - 14 - 24. What is s(0)?
-50
Suppose -493 + 510 = 17*w. Let i(g) = 18*g - 9. Calculate i(w).
9
Let r(k) = -k**3 - 28*k**2 - 28*k - 37. Suppose 20 = 4*v, -46*v + 51*v = -4*s - 83. Calculate r(s).
-10
Let o = 1764 - 1761. Let b(m) = 13*m - 39. Give b(o).
0
Let j be 22/77 - (-2)/(-14)*-26. Suppose 2*i - 17 = 3*s + 2*s, j*i - 23 = -s. Suppose -i*w + 53 - 17 = 0. Let c(q) = q**2 - 5*q + 3. Give c(w).
9
Let c(t) = 3*t**3 - 28*t**2 - 14*t + 2. Let r(n) = n**3 - n**2 + 1. Let k(q) = -c(q) + 5*r(q). Calculate k(-11).
-30
Let q(x) = -x**3 - 8*x**2 + 38*x + 17. Let z(f) = 2*f**3 + 16*f**2 - 75*f - 34. Let j(b) = 5*q(b) + 3*z(b). Determine j(-11).
5
Suppose -4 = 21*f - 23*f. Let w(c) = -7*c + 5*c**f - 4*c**2 - 8417 + 8419. What is w(7)?
2
Let u(n) = 178*n + 133. Let v(s) = -118*s - 92. Let i(y) = 9*u(y) + 13*v(y). Calculate i(1).
69
Let z(d) = -d**2 - 4*d - 5. Let r be z(-4). Let b(w) = 7*w - 10*w + 1592*w**2 - 1588*w**2 + w**3 + 2. What is b(r)?
-8
Suppose -15*s + 3*s + 2928 = 0. Let t = -249 + s. Let g(p) be the second derivative of p**5/20 + 5*p**4/12 - 5*p**3/6 - 2*p**2 + 6*p. Calculate g(t).
21
Let n(s) = -s**3 - 7*s**2 - s + 13. Let v(t) = -t**3 - t**2 + 6*t - 6. Let y be v(0). Calculate n(y).
-17
Let a(u) = -2*u**2 + 59*u - 1. Let p = 29944 - 29914. Calculate a(p).
-31
Let h = 712 - 704. Let w(c) = -2*c**2 + 17*c. Calculate w(h).
8
Let o(g) be the third derivative of -g**6/240 - g**5/30 - g**4/24 - g**3/2 + 63*g**2. Let p(l) be the second derivative of o(l). Calculate p(4).
-16
Let n = -20579/6 - -3430. Let i(k) be the third derivative of 10*k**2 + 0*k + 1